c = -a - r, a - 2*r = -3*a - 430. Let p = a - -173. List the prime factors of p.
2
Let f(t) = -1059*t**3 + t**2 + 4*t + 3. Suppose -3*l = -3*v - 15 + 9, -l + 6 = -5*v. What are the prime factors of f(v)?
3, 353
Let h = 16287 + -9674. List the prime factors of h.
17, 389
Let j be ((-2641)/(-95))/((-1)/(-5)). Let s be ((-1)/3)/(2/(-30)). Suppose -2*f = 5*b - j, 0 = -2*b - s*f + 23 + 20. List the prime factors of b.
29
What are the prime factors of 66816 + 1/(8/(-80)) + 0?
2, 33403
Suppose 5 = -5*m + 2*j + 20, 0 = 4*m + j - 25. Suppose m*b + 11004 = 33*b. List the prime factors of b.
3, 131
Let x be (-6)/14 + (-11)/(231/(-1332)). Let o be 4/(-38) + x/57. Let q(r) = 23*r + 2. What are the prime factors of q(o)?
5
Let m be (-46)/(-6)*(-2 + 1)*6. Let t = m + 46. Suppose r - 84 = -g, 4*g = -2*r - t*g + 168. List the prime factors of r.
2, 3, 7
Suppose -6*g - 121 = -17*g. Suppose g*r - 930 = 9*r. What are the prime factors of r?
3, 5, 31
List the prime factors of 18065840/812 + 9/21.
19, 1171
Let g(x) = 79*x**2 - 118*x - 51. What are the prime factors of g(-6)?
3, 389
Let i = -1266 + 5735. List the prime factors of i.
41, 109
Suppose 3*y + 8*p - 13*p = 130, -4*p = -2*y + 90. Suppose 18*u = y*u - 22508. What are the prime factors of u?
2, 331
Suppose -6372 = -18*a + 396. Let q = 536 - a. List the prime factors of q.
2, 5
Let z(p) = 1216*p - 3612. List the prime factors of z(34).
2, 9433
Suppose 57*i - 849758 = -i. List the prime factors of i.
7, 13, 23
Suppose 0 = y + 5*k - 1864, -5*k - 8429 = -3*y - 2897. Suppose 0 = 5*b + 4*j - y, -3*b - 2*j + j = -1108. Suppose -2*q + b = q. What are the prime factors of q?
3, 41
Let w(v) = -2*v**2 - 99*v + 817. What are the prime factors of w(-53)?
2, 223
Let z(y) = 8 + 39*y + 48*y - 86*y. Let h be z(-6). Suppose 0 = -h*u - 10, -2*l + 146 = u + u. What are the prime factors of l?
2, 3, 13
Let l(w) = 11*w**2 - 5*w + 5. Let r be l(5). Let j be (19/(-3) + 6)/((-1)/r). Let m = -81 + j. What are the prime factors of m?
2
Let h = -5252 + 11835. List the prime factors of h.
29, 227
Let v be ((-581)/21)/((-1)/24). Let o = 2502 + -366. Suppose 16*j - o = -v. List the prime factors of j.
2, 23
Suppose -31*z - 493476 = -23*z - 90*z. List the prime factors of z.
2, 3, 17, 59
Let t be -2 - 3/(4/54224*-3). Suppose 0 = -41*k + 5019 + t. List the prime factors of k.
3, 151
Let o be (3/5)/(10/50). Suppose -o*i = 2*i + 25. Let z(m) = -m**3 - 7*m**2 - 19*m - 12. List the prime factors of z(i).
3, 11
Suppose -9 = -18*o + 15*o. Suppose 3*r + 7 = 1, 4*r - 1621 = -o*c. What are the prime factors of c?
3, 181
Suppose -36*l + 38*l - 84390 = 0. List the prime factors of l.
3, 5, 29, 97
Suppose -150 = 40*c - 50*c. Suppose 15684 = c*b + 3129. List the prime factors of b.
3, 31
Let k(h) = h**2 - 8*h + 14. Let v be k(4). Let d(p) = -6*p + 3. Let l be d(v). Suppose -408 = 11*n - l*n. List the prime factors of n.
2, 3, 17
Let c(n) = 1336*n + 945. List the prime factors of c(8).
11633
Suppose -15*z + 16*z + 3 = 0. List the prime factors of 28/(-42) - 77/z.
5
Let k = 187 + -385. Let t = k + 104. Let b = 140 + t. List the prime factors of b.
2, 23
Let v(o) = -1701*o - 163. List the prime factors of v(-4).
29, 229
Suppose 0 = -16*z + 2706 + 3998. Suppose -11*u + 164 + z = 0. List the prime factors of u.
53
Let w(y) = 114*y - 4722. What are the prime factors of w(86)?
2, 3, 7, 11
Let c(k) = k**3 + 24*k**2 - 52*k - 12. Let l be c(-26). What are the prime factors of 2/l*-62*(14 + 13)?
3, 31
Let p(g) = 9*g - 7. Suppose -3*y - 14 = 4. Let i be p(y). Let u = 116 + i. What are the prime factors of u?
5, 11
Let d(q) = 133*q - 533. Let f(p) = -44*p + 177. Let a(o) = 3*d(o) + 8*f(o). What are the prime factors of a(20)?
757
Let c(h) = -6*h + 26. Let x be c(4). Suppose 0 = -x*u + 115 + 5. List the prime factors of u.
2, 3, 5
Let p = -35099 + 73609. List the prime factors of p.
2, 5, 3851
Let f(k) = 18*k**2 - 6*k - 2. Let r(m) = -m**2 - 2. Let z(g) = f(g) - 4*r(g). List the prime factors of z(-4).
2, 191
Let j(m) = 34*m**2 - 489*m + 45. What are the prime factors of j(24)?
3, 877
Suppose -7*d + 11970 - 4970 = 0. Let r = d + -662. What are the prime factors of r?
2, 13
Let d(m) = -99*m + 2577. What are the prime factors of d(-55)?
2, 3, 7, 191
Suppose -2*c + 5*f = c + 25, -c + 5*f = 25. Suppose c = -11*o - 0*o - 374. Let l = o + 59. List the prime factors of l.
5
Suppose 7*r - 91 = 392. Suppose 0 = -72*f + r*f - 5*b + 1836, 5*b + 592 = f. What are the prime factors of f?
607
Suppose -19*a + 88 = 3*a. Suppose a*o + 12 = 0, -v + 1799 = -o + 414. List the prime factors of v.
2, 691
Let o = 5797 + -5766. What are the prime factors of o?
31
Let i = -885 + 5897. List the prime factors of i.
2, 7, 179
Let z(b) = 8*b - 27. Let a = -55 + 75. Suppose -a = -4*d - 4*q, -4*q - 51 - 1 = -5*d. What are the prime factors of z(d)?
37
Suppose 0 = -z - i + 2000, -5*i + 1037 - 5016 = -2*z. Suppose 0 = 2*n + 409 - z. List the prime factors of n.
2, 397
Let t(u) = u**2 + 7*u + 6. Let j be t(-6). Suppose -4*s - 2*l + 18 = j, 3*l - 12 = -4*s + 9. Suppose 204 = s*q - 6. List the prime factors of q.
2, 5, 7
Suppose 2*d - 72 = -0*d. Suppose d = -x + 2. Let l = -28 - x. List the prime factors of l.
2, 3
Let q be 5*662/5 + -1. Suppose -q*h + 664*h - 1272 = 0. What are the prime factors of h?
2, 53
Suppose -5*w + 180 = 45. Suppose w = 5*b + 17. Suppose -b*a - 5*y + 222 = 0, -2*a = y - 56 - 150. List the prime factors of a.
101
Let y(s) be the third derivative of -s**5/60 + 11*s**4/12 - 5*s**3 + 25*s**2. List the prime factors of y(14).
2, 41
Let w(c) = 24*c**3 + 15*c**2 - 19*c - 8. What are the prime factors of w(5)?
2, 409
Let x(n) = n**2 - 24*n - 31. Let l be x(10). Suppose 2*z + 6*i - 540 = 4*i, -5*z - 3*i + 1342 = 0. Let g = z + l. List the prime factors of g.
5, 19
Let f = 459 - 819. Let k be (0 - f)*(1 - 0). Suppose k = -6*m + 10*m. List the prime factors of m.
2, 3, 5
Suppose 90*p = -18*p + 743472. List the prime factors of p.
2, 1721
Let f = 420 - 416. Suppose 2*i + 2*w = -w + 107, -f*w - 20 = 0. List the prime factors of i.
61
Let f = -195 - -198. Suppose -239 = -f*a + 172. What are the prime factors of a?
137
Let m(r) = 6*r**3 + 11*r**2 - 66*r - 37. What are the prime factors of m(11)?
2, 7, 13, 47
Suppose -3984 = 4*q - 432. Let o = 1261 + q. What are the prime factors of o?
373
Let m = 225 - 221. What are the prime factors of (267/m)/(26/104)?
3, 89
Let r be ((-20)/15)/(2/(-36)*-4). Let j be 1*-2 + 1 + 80. List the prime factors of 2 + r + j + -1.
2, 37
Let c(m) = 3*m + m**2 - 59 - 3*m + 58 - 3*m**3 + m. Let p be c(-1). Suppose p*r + w - 131 = 208, -865 = -5*r + w. What are the prime factors of r?
2, 43
Let r(d) = 1899*d + 1602. List the prime factors of r(14).
2, 3, 29
Suppose -m - o = -47, 3*o + 29 + 118 = 3*m. Suppose -126 - m = -2*d. Suppose d = 10*c - 9*c. List the prime factors of c.
3, 29
Suppose 21*q - 77114 = 19*q - 4*d, 4*d - 115679 = -3*q. List the prime factors of q.
3, 5, 857
Suppose 16*b - 72156 = 2*b. Suppose -b + 26344 = 13*a. List the prime factors of a.
2, 5, 163
Let a = 21 + -30. Let c(b) = b**2 + 8*b - 6. Let g be c(a). What are the prime factors of (218/(-3))/((-2)/g)?
109
What are the prime factors of -12*((-10)/65 + 6 + (-266190)/156)?
2, 3, 19, 179
What are the prime factors of (-20)/(-30)*33444 + (3 + -5 - -3)?
11, 2027
Let f be 2/3*3/2. Let z be ((-18)/(-21))/((-22)/28 + f). What are the prime factors of z/(-7)*(-1645)/10?
2, 47
Let d = 646 - 667. Let z(k) = -17*k + 132. What are the prime factors of z(d)?
3, 163
Suppose c + 5*c - 180 = 0. Suppose c - 6 = 6*w. Suppose 5*p + 2*l = 190, w*p - 5*l + 0*l - 119 = 0. List the prime factors of p.
2, 3
Suppose 169*f = 80*f + 1260329. What are the prime factors of f?
7, 17
Let l = -2743 - -7445. Let y = l + -3152. List the prime factors of y.
2, 5, 31
Let b = 10250 - 5436. List the prime factors of b.
2, 29, 83
Suppose 5*q + 4*f - 199755 - 7547 = 0, -2*q - 5*f + 82914 = 0. List the prime factors of q.
2, 20731
Let b = -6385 + 13478. List the prime factors of b.
41, 173
Suppose 71*t = 7698 + 145236. List the prime factors of t.
2, 3, 359
Let j(c) = -c**3 + 3*c**2 + 16*c + 11. Let v be j(6). List the prime factors of (9/27)/(0 - v/1554).
2, 7, 37
Suppose -9 + 5 = -2*d. Suppose -5*q + 400 = x, -7*q + 2*x + 400 = 